{"id":36462,"date":"2023-01-10T21:03:24","date_gmt":"2023-01-11T00:03:24","guid":{"rendered":"https:\/\/companhiadaescalada.com.br\/ingles\/?page_id=36462"},"modified":"2024-02-18T10:52:30","modified_gmt":"2024-02-18T13:52:30","slug":"rock-climbing-sugarloaf-rio","status":"publish","type":"page","link":"https:\/\/companhiadaescalada.com.br\/ingles\/climbing-in-rio\/rock-climbing-sugarloaf-rio\/","title":{"rendered":"Rock Climbing on Sugarloaf"},"content":{"rendered":"\t\t<div data-elementor-type=\"wp-page\" data-elementor-id=\"36462\" class=\"elementor elementor-36462\">\n\t\t\t\t\t\t<section class=\"elementor-section elementor-top-section elementor-element elementor-element-5d6c4b35 elementor-section-boxed elementor-section-height-default elementor-section-height-default\" data-id=\"5d6c4b35\" data-element_type=\"section\" data-e-type=\"section\">\n\t\t\t\t\t\t<div class=\"elementor-container elementor-column-gap-default\">\n\t\t\t\t\t<div class=\"elementor-column elementor-col-100 elementor-top-column elementor-element elementor-element-83e3be1\" data-id=\"83e3be1\" data-element_type=\"column\" data-e-type=\"column\">\n\t\t\t<div class=\"elementor-widget-wrap elementor-element-populated\">\n\t\t\t\t\t\t<div class=\"elementor-element elementor-element-3c24a9f2 elementor-widget elementor-widget-heading\" data-id=\"3c24a9f2\" data-element_type=\"widget\" data-e-type=\"widget\" data-widget_type=\"heading.default\">\n\t\t\t\t<div class=\"elementor-widget-container\">\n\t\t\t\t\t<h1 class=\"elementor-heading-title elementor-size-default\">ROCK CLIMBING ON SUGARLOAF<\/h1>\t\t\t\t<\/div>\n\t\t\t\t<\/div>\n\t\t\t\t<div class=\"elementor-element elementor-element-6f559dbb elementor-widget-divider--view-line elementor-widget elementor-widget-divider\" data-id=\"6f559dbb\" data-element_type=\"widget\" data-e-type=\"widget\" data-widget_type=\"divider.default\">\n\t\t\t\t<div class=\"elementor-widget-container\">\n\t\t\t\t\t\t\t<div class=\"elementor-divider\">\n\t\t\t<span class=\"elementor-divider-separator\">\n\t\t\t\t\t\t<\/span>\n\t\t<\/div>\n\t\t\t\t\t\t<\/div>\n\t\t\t\t<\/div>\n\t\t\t\t\t<\/div>\n\t\t<\/div>\n\t\t\t\t\t<\/div>\n\t\t<\/section>\n\t\t\t\t<section class=\"elementor-section elementor-top-section elementor-element elementor-element-1bd6a0b2 elementor-section-boxed elementor-section-height-default elementor-section-height-default\" data-id=\"1bd6a0b2\" data-element_type=\"section\" data-e-type=\"section\">\n\t\t\t\t\t\t<div class=\"elementor-container elementor-column-gap-default\">\n\t\t\t\t\t<div class=\"elementor-column elementor-col-100 elementor-top-column elementor-element elementor-element-33ea4b12\" data-id=\"33ea4b12\" data-element_type=\"column\" data-e-type=\"column\">\n\t\t\t<div class=\"elementor-widget-wrap elementor-element-populated\">\n\t\t\t\t\t\t<section class=\"elementor-section elementor-inner-section elementor-element elementor-element-670ac9d0 elementor-section-boxed elementor-section-height-default elementor-section-height-default\" data-id=\"670ac9d0\" data-element_type=\"section\" data-e-type=\"section\">\n\t\t\t\t\t\t<div class=\"elementor-container elementor-column-gap-wider\">\n\t\t\t\t\t<div class=\"elementor-column elementor-col-50 elementor-inner-column elementor-element elementor-element-4c394dc9\" data-id=\"4c394dc9\" data-element_type=\"column\" data-e-type=\"column\">\n\t\t\t<div class=\"elementor-widget-wrap elementor-element-populated\">\n\t\t\t\t\t\t<div class=\"elementor-element elementor-element-af1880e elementor-widget elementor-widget-image\" data-id=\"af1880e\" data-element_type=\"widget\" data-e-type=\"widget\" data-widget_type=\"image.default\">\n\t\t\t\t<div class=\"elementor-widget-container\">\n\t\t\t\t\t\t\t\t\t\t\t\t\t\t\t<img fetchpriority=\"high\" decoding=\"async\" width=\"622\" height=\"350\" src=\"https:\/\/companhiadaescalada.com.br\/ingles\/wp-content\/uploads\/2023\/01\/climbing-the-italian-route-on-sugarloaf.jpg\" class=\"attachment-large size-large wp-image-36468\" alt=\"Climbing the Italian Route on Sugarloaf\" srcset=\"https:\/\/companhiadaescalada.com.br\/ingles\/wp-content\/uploads\/2023\/01\/climbing-the-italian-route-on-sugarloaf.jpg 622w, https:\/\/companhiadaescalada.com.br\/ingles\/wp-content\/uploads\/2023\/01\/climbing-the-italian-route-on-sugarloaf-300x169.jpg 300w\" sizes=\"(max-width: 622px) 100vw, 622px\" \/>\t\t\t\t\t\t\t\t\t\t\t\t\t\t\t<\/div>\n\t\t\t\t<\/div>\n\t\t\t\t<div class=\"elementor-element elementor-element-262520a4 elementor-widget elementor-widget-text-editor\" data-id=\"262520a4\" data-element_type=\"widget\" data-e-type=\"widget\" data-widget_type=\"text-editor.default\">\n\t\t\t\t<div class=\"elementor-widget-container\">\n\t\t\t\t\t\t\t\t\t<p>Sugarloaf (Pao de Acucar) is a fantastic mountain in Rio. It is tall and with a high quality granite. Rock climbing on Sugarloaf is amazing! Many of its routes are among the most classic routes of Rio de Janeiro and Brazil, like Via dos Italianos (The Italian Route).<\/p><h2>Climbing Via dos Italianos\u00a0<\/h2><p>If you are comfortable climbing 5.10\/6a multi-pitch, we suggest you climb Via dos Italianos, listed as one of the <a href=\"https:\/\/companhiadaescalada.com.br\/produto\/50-vias-classicas-no-brasil\/\" target=\"_blank\" rel=\"noopener\">50 classic routes in Brazil<\/a>. With pitch after pitch of amazing climbing in a spectacular location, this is one of the most beautiful routes in Rio de Janeiro.\u00a0<\/p><p>The first two pitches are impressive due to the verticality, good rock and aesthetic moves. It\u2019s sustained 5.10\/6a for 80 meters. These pitches involve face climbing. After the crux pitches, there are two possible link-ups: straight up to the summit or traversing left for 50 meters to join the last three pitches of the Secundo route. The Italianos-Secundo link up is 270 meters long. See our drone video below! It takes about six hours to hike to the base, climb, enjoy the summit and return (partially by free cable car, partially on a forest trail). Via dos Italianos and Secundo are in shadow in the morning.<\/p><p>The Italian Route is a route for experienced rock climbers due to difficulty, length and exposure.<\/p>\t\t\t\t\t\t\t\t<\/div>\n\t\t\t\t<\/div>\n\t\t\t\t<div class=\"elementor-element elementor-element-adcae0e elementor-widget elementor-widget-video\" data-id=\"adcae0e\" data-element_type=\"widget\" data-e-type=\"widget\" data-settings=\"{&quot;youtube_url&quot;:&quot;https:\\\/\\\/www.youtube.com\\\/watch?v=OrLuwlN-cQo&quot;,&quot;video_type&quot;:&quot;youtube&quot;,&quot;controls&quot;:&quot;yes&quot;}\" data-widget_type=\"video.default\">\n\t\t\t\t<div class=\"elementor-widget-container\">\n\t\t\t\t\t\t\t<div class=\"elementor-wrapper elementor-open-inline\">\n\t\t\t<div class=\"elementor-video\"><\/div>\t\t<\/div>\n\t\t\t\t\t\t<\/div>\n\t\t\t\t<\/div>\n\t\t\t\t\t<\/div>\n\t\t<\/div>\n\t\t\t\t<div class=\"elementor-column elementor-col-50 elementor-inner-column elementor-element elementor-element-169be079\" data-id=\"169be079\" data-element_type=\"column\" data-e-type=\"column\">\n\t\t\t<div class=\"elementor-widget-wrap elementor-element-populated\">\n\t\t\t\t\t\t<div class=\"elementor-element elementor-element-7f7cfa46 elementor-widget elementor-widget-text-editor\" data-id=\"7f7cfa46\" data-element_type=\"widget\" data-e-type=\"widget\" data-widget_type=\"text-editor.default\">\n\t\t\t\t<div class=\"elementor-widget-container\">\n\t\t\t\t\t\t\t\t\t<p><span style=\"font-size: inherit; text-align: inherit; color: var(--theme-text-color); font-family: var(--theme-font-family); font-style: var(--theme-font-style, inherit); font-weight: var(--theme-font-weight); letter-spacing: var(--theme-letter-spacing); text-transform: var(--theme-text-transform);\">One should not underestimate the grading or the length of the Italian Route, as Rio de Janeiro has a strong grading. Those who are not used to smearing on granite and multi-pitch could have difficulties, and it is better to be prepared to climb sustained 5.10\/6a. If in doubt, you can choose an easier route on Sugarloaf, we suggest the Coringa Route (5.8\/5a) or the <a href=\"https:\/\/companhiadaescalada.com.br\/ingles\/climbing-in-rio\/climbing-costao-route-on-sugarloaf\/\">Cost\u00e3o Route<\/a> (5.7\/4).<\/span><\/p>\n<h2>Climbing on Sugarloaf<\/h2>\n<p>Coringa is the best 5.8\/5a on Sugarloaf Mountain, which makes the route extremely popular. It is 100 meters long, with three pitches, one of them almost vertical. It\u2019s located in an amazing area between vertical walls, the forest and the sea. After climbing Coringa, we hike and climb (5.7\/4) to the summit of Sugarloaf by the Cost\u00e3o Route. One should also not underestimate the grade of Coringa (5.8\/5a), as its holds are sometimes very small and the climbing is quite technical, in addition Rio de Janeiro has a strong grading. It is also a route for experienced rock climbers.<\/p>\n<p>The only time of year when we do not recommend the Coringa route is in the summer, between December and March, because at this time, Coringa is in the sun all day and the wall becomes quite hot. The best choice for the summer is the <a href=\"https:\/\/companhiadaescalada.com.br\/ingles\/climbing-in-rio\/climbing-costao-route-on-sugarloaf\/\">Cost\u00e3o Route<\/a> (5.7\/4), which is in the shade in the afternoon and has a beautiful line along the Sugarloaf ridge, with some climbing parts.<\/p>\n<p>Other beautiful routes, similar to Coringa, are on <a href=\"https:\/\/companhiadaescalada.com.br\/ingles\/climbing-in-rio\/climbing-cantagalo-hill\/\">Cantagalo<\/a> and <a href=\"https:\/\/companhiadaescalada.com.br\/ingles\/climbing-in-rio\/climbing-christ-the-redeemer-in-rio\/\">Corcovado<\/a> hills. In the shade in the morning and afternoon respectively. Both are a pleasant place in the summer.<\/p>\t\t\t\t\t\t\t\t<\/div>\n\t\t\t\t<\/div>\n\t\t\t\t<div class=\"elementor-element elementor-element-f6cc651 elementor-widget elementor-widget-video\" data-id=\"f6cc651\" data-element_type=\"widget\" data-e-type=\"widget\" data-settings=\"{&quot;youtube_url&quot;:&quot;https:\\\/\\\/www.youtube.com\\\/watch?v=xNfFbarmxfQ&quot;,&quot;video_type&quot;:&quot;youtube&quot;,&quot;controls&quot;:&quot;yes&quot;}\" data-widget_type=\"video.default\">\n\t\t\t\t<div class=\"elementor-widget-container\">\n\t\t\t\t\t\t\t<div class=\"elementor-wrapper elementor-open-inline\">\n\t\t\t<div class=\"elementor-video\"><\/div>\t\t<\/div>\n\t\t\t\t\t\t<\/div>\n\t\t\t\t<\/div>\n\t\t\t\t<div class=\"elementor-element elementor-element-489e374 elementor-widget elementor-widget-text-editor\" data-id=\"489e374\" data-element_type=\"widget\" data-e-type=\"widget\" data-widget_type=\"text-editor.default\">\n\t\t\t\t<div class=\"elementor-widget-container\">\n\t\t\t\t\t\t\t\t\t<h2>Climb with us in Rio!<\/h2><p>Our\u00a0<a href=\"https:\/\/companhiadaescalada.com.br\/ingles\/history\/\">Instructors and Climbing Guides<\/a> are highly experienced professionals, including Flavio Daflon, author of <a href=\"https:\/\/companhiadaescalada.com.br\/produto\/guia-de-escaladas-da-urca\/\" target=\"_blank\" rel=\"noopener\">Sugarloaf rock climbing\u00a0guidebook<\/a>.<\/p><p>We offer private guiding and we provide all of the equipment. The date is your choice, just <a href=\"http:\/\/bit.ly\/companhiadaescalada\" target=\"_blank\" rel=\"noopener\">make a reservation<\/a>\u00a0via WhatsApp. Companhia da Escalada \u2013 mountain climbing school and guide service in Rio since 1995!<\/p>\t\t\t\t\t\t\t\t<\/div>\n\t\t\t\t<\/div>\n\t\t\t\t\t<\/div>\n\t\t<\/div>\n\t\t\t\t\t<\/div>\n\t\t<\/section>\n\t\t\t\t\t<\/div>\n\t\t<\/div>\n\t\t\t\t\t<\/div>\n\t\t<\/section>\n\t\t\t\t<section class=\"elementor-section elementor-top-section elementor-element elementor-element-e94a556 ct-section-stretched elementor-section-boxed elementor-section-height-default elementor-section-height-default\" data-id=\"e94a556\" data-element_type=\"section\" data-e-type=\"section\" data-settings=\"{&quot;background_background&quot;:&quot;classic&quot;}\">\n\t\t\t\t\t\t\t<div class=\"elementor-background-overlay\"><\/div>\n\t\t\t\t\t\t\t<div class=\"elementor-container elementor-column-gap-default\">\n\t\t\t\t\t<div class=\"elementor-column elementor-col-100 elementor-top-column elementor-element elementor-element-a8b8e2d\" data-id=\"a8b8e2d\" data-element_type=\"column\" data-e-type=\"column\">\n\t\t\t<div class=\"elementor-widget-wrap elementor-element-populated\">\n\t\t\t\t\t\t<div class=\"elementor-element elementor-element-22d3871 elementor-widget elementor-widget-text-editor\" data-id=\"22d3871\" data-element_type=\"widget\" data-e-type=\"widget\" data-widget_type=\"text-editor.default\">\n\t\t\t\t<div class=\"elementor-widget-container\">\n\t\t\t\t\t\t\t\t\t<p>The topo of Via dos Italianos, Secundo and the topo of Coringa route are in the <a href=\"https:\/\/companhiadaescalada.com.br\/produto\/guia-de-escaladas-da-urca\/\" target=\"_blank\" rel=\"noopener\">Urca Climbing Guidebook<\/a>, a publication by Companhia da Escalada. With 240 pages, 369 routes and hundreds of topos on Sugarloaf Mountain, Morro da Urca, Morro da Babil\u00f4nia and surroundings. It includes sports routes, multi-pitch and traditional routes.<\/p>\t\t\t\t\t\t\t\t<\/div>\n\t\t\t\t<\/div>\n\t\t\t\t\t<\/div>\n\t\t<\/div>\n\t\t\t\t\t<\/div>\n\t\t<\/section>\n\t\t\t\t<\/div>\n\t\t","protected":false},"excerpt":{"rendered":"<p>H\u00e1 diversas escaladas no P\u00e3o de A\u00e7\u00facar, de f\u00e1ceis a dif\u00edceis. H\u00e1 caminhos at\u00e9 para quem nunca escalou. Para escaladores a Via dos Italianos \u00e9 uma cl\u00e1ssica.<\/p>\n","protected":false},"author":1,"featured_media":0,"parent":289,"menu_order":0,"comment_status":"closed","ping_status":"closed","template":"","meta":{"footnotes":""},"class_list":["post-36462","page","type-page","status-publish","hentry"],"blocksy_meta":{"styles_descriptor":{"styles":{"desktop":"","tablet":"","mobile":""},"google_fonts":[],"version":6}},"yoast_head":"<!-- This site is optimized with the Yoast SEO plugin v27.3 - https:\/\/yoast.com\/product\/yoast-seo-wordpress\/ -->\n<title>Rock Climbing on Sugarloaf in Rio - Companhia da Escalada - Mountain Climbing School<\/title>\n<meta name=\"description\" content=\"Rock climbing on Sugarloaf Mountain in Rio with Companhia da Escalada. We have a team of certified rock climbing guides for you.\" \/>\n<meta name=\"robots\" content=\"index, follow, max-snippet:-1, max-image-preview:large, max-video-preview:-1\" \/>\n<link rel=\"canonical\" href=\"https:\/\/companhiadaescalada.com.br\/ingles\/climbing-in-rio\/rock-climbing-sugarloaf-rio\/\" \/>\n<meta property=\"og:locale\" content=\"pt_BR\" \/>\n<meta property=\"og:type\" content=\"article\" \/>\n<meta property=\"og:title\" content=\"Rock Climbing on Sugarloaf in Rio - Companhia da Escalada - Mountain Climbing School\" \/>\n<meta property=\"og:description\" content=\"Rock climbing on Sugarloaf Mountain in Rio with Companhia da Escalada. We have a team of certified rock climbing guides for you.\" \/>\n<meta property=\"og:url\" content=\"https:\/\/companhiadaescalada.com.br\/ingles\/climbing-in-rio\/rock-climbing-sugarloaf-rio\/\" \/>\n<meta property=\"og:site_name\" content=\"Companhia da Escalada - Mountain Climbing School\" \/>\n<meta property=\"article:modified_time\" content=\"2024-02-18T13:52:30+00:00\" \/>\n<meta property=\"og:image\" content=\"https:\/\/companhiadaescalada.com.br\/ingles\/wp-content\/uploads\/2023\/01\/climbing-the-italian-route-on-sugarloaf.jpg\" \/>\n<meta name=\"twitter:card\" content=\"summary_large_image\" \/>\n<meta name=\"twitter:label1\" content=\"Est. tempo de leitura\" \/>\n\t<meta name=\"twitter:data1\" content=\"4 minutos\" \/>\n<script type=\"application\/ld+json\" class=\"yoast-schema-graph\">{\"@context\":\"https:\\\/\\\/schema.org\",\"@graph\":[{\"@type\":\"WebPage\",\"@id\":\"https:\\\/\\\/companhiadaescalada.com.br\\\/ingles\\\/climbing-in-rio\\\/rock-climbing-sugarloaf-rio\\\/\",\"url\":\"https:\\\/\\\/companhiadaescalada.com.br\\\/ingles\\\/climbing-in-rio\\\/rock-climbing-sugarloaf-rio\\\/\",\"name\":\"Rock Climbing on Sugarloaf in Rio - Companhia da Escalada - Mountain Climbing School\",\"isPartOf\":{\"@id\":\"https:\\\/\\\/companhiadaescalada.com.br\\\/ingles\\\/#website\"},\"primaryImageOfPage\":{\"@id\":\"https:\\\/\\\/companhiadaescalada.com.br\\\/ingles\\\/climbing-in-rio\\\/rock-climbing-sugarloaf-rio\\\/#primaryimage\"},\"image\":{\"@id\":\"https:\\\/\\\/companhiadaescalada.com.br\\\/ingles\\\/climbing-in-rio\\\/rock-climbing-sugarloaf-rio\\\/#primaryimage\"},\"thumbnailUrl\":\"https:\\\/\\\/companhiadaescalada.com.br\\\/ingles\\\/wp-content\\\/uploads\\\/2023\\\/01\\\/climbing-the-italian-route-on-sugarloaf.jpg\",\"datePublished\":\"2023-01-11T00:03:24+00:00\",\"dateModified\":\"2024-02-18T13:52:30+00:00\",\"description\":\"Rock climbing on Sugarloaf Mountain in Rio with Companhia da Escalada. We have a team of certified rock climbing guides for you.\",\"breadcrumb\":{\"@id\":\"https:\\\/\\\/companhiadaescalada.com.br\\\/ingles\\\/climbing-in-rio\\\/rock-climbing-sugarloaf-rio\\\/#breadcrumb\"},\"inLanguage\":\"pt-BR\",\"potentialAction\":[{\"@type\":\"ReadAction\",\"target\":[\"https:\\\/\\\/companhiadaescalada.com.br\\\/ingles\\\/climbing-in-rio\\\/rock-climbing-sugarloaf-rio\\\/\"]}]},{\"@type\":\"ImageObject\",\"inLanguage\":\"pt-BR\",\"@id\":\"https:\\\/\\\/companhiadaescalada.com.br\\\/ingles\\\/climbing-in-rio\\\/rock-climbing-sugarloaf-rio\\\/#primaryimage\",\"url\":\"https:\\\/\\\/companhiadaescalada.com.br\\\/ingles\\\/wp-content\\\/uploads\\\/2023\\\/01\\\/climbing-the-italian-route-on-sugarloaf.jpg\",\"contentUrl\":\"https:\\\/\\\/companhiadaescalada.com.br\\\/ingles\\\/wp-content\\\/uploads\\\/2023\\\/01\\\/climbing-the-italian-route-on-sugarloaf.jpg\",\"width\":622,\"height\":350,\"caption\":\"Climbing the Italian Route on Sugarloaf\"},{\"@type\":\"BreadcrumbList\",\"@id\":\"https:\\\/\\\/companhiadaescalada.com.br\\\/ingles\\\/climbing-in-rio\\\/rock-climbing-sugarloaf-rio\\\/#breadcrumb\",\"itemListElement\":[{\"@type\":\"ListItem\",\"position\":1,\"name\":\"In\u00edcio\",\"item\":\"https:\\\/\\\/companhiadaescalada.com.br\\\/ingles\\\/\"},{\"@type\":\"ListItem\",\"position\":2,\"name\":\"Rock climbing in Rio de Janeiro\",\"item\":\"https:\\\/\\\/companhiadaescalada.com.br\\\/ingles\\\/climbing-in-rio\\\/\"},{\"@type\":\"ListItem\",\"position\":3,\"name\":\"Rock Climbing on Sugarloaf\"}]},{\"@type\":\"WebSite\",\"@id\":\"https:\\\/\\\/companhiadaescalada.com.br\\\/ingles\\\/#website\",\"url\":\"https:\\\/\\\/companhiadaescalada.com.br\\\/ingles\\\/\",\"name\":\"Companhia da Escalada - Mountain Climbing School\",\"description\":\"\",\"publisher\":{\"@id\":\"https:\\\/\\\/companhiadaescalada.com.br\\\/ingles\\\/#organization\"},\"potentialAction\":[{\"@type\":\"SearchAction\",\"target\":{\"@type\":\"EntryPoint\",\"urlTemplate\":\"https:\\\/\\\/companhiadaescalada.com.br\\\/ingles\\\/?s={search_term_string}\"},\"query-input\":{\"@type\":\"PropertyValueSpecification\",\"valueRequired\":true,\"valueName\":\"search_term_string\"}}],\"inLanguage\":\"pt-BR\"},{\"@type\":\"Organization\",\"@id\":\"https:\\\/\\\/companhiadaescalada.com.br\\\/ingles\\\/#organization\",\"name\":\"Companhia da Escalada - Mountain Climbing School\",\"url\":\"https:\\\/\\\/companhiadaescalada.com.br\\\/ingles\\\/\",\"logo\":{\"@type\":\"ImageObject\",\"inLanguage\":\"pt-BR\",\"@id\":\"https:\\\/\\\/companhiadaescalada.com.br\\\/ingles\\\/#\\\/schema\\\/logo\\\/image\\\/\",\"url\":\"https:\\\/\\\/companhiadaescalada.com.br\\\/ingles\\\/wp-content\\\/uploads\\\/2021\\\/03\\\/companhia-escalada-logo-1.png\",\"contentUrl\":\"https:\\\/\\\/companhiadaescalada.com.br\\\/ingles\\\/wp-content\\\/uploads\\\/2021\\\/03\\\/companhia-escalada-logo-1.png\",\"width\":350,\"height\":91,\"caption\":\"Companhia da Escalada - Mountain Climbing School\"},\"image\":{\"@id\":\"https:\\\/\\\/companhiadaescalada.com.br\\\/ingles\\\/#\\\/schema\\\/logo\\\/image\\\/\"}}]}<\/script>\n<!-- \/ Yoast SEO plugin. -->","yoast_head_json":{"title":"Rock Climbing on Sugarloaf in Rio - Companhia da Escalada - Mountain Climbing School","description":"Rock climbing on Sugarloaf Mountain in Rio with Companhia da Escalada. We have a team of certified rock climbing guides for you.","robots":{"index":"index","follow":"follow","max-snippet":"max-snippet:-1","max-image-preview":"max-image-preview:large","max-video-preview":"max-video-preview:-1"},"canonical":"https:\/\/companhiadaescalada.com.br\/ingles\/climbing-in-rio\/rock-climbing-sugarloaf-rio\/","og_locale":"pt_BR","og_type":"article","og_title":"Rock Climbing on Sugarloaf in Rio - Companhia da Escalada - Mountain Climbing School","og_description":"Rock climbing on Sugarloaf Mountain in Rio with Companhia da Escalada. We have a team of certified rock climbing guides for you.","og_url":"https:\/\/companhiadaescalada.com.br\/ingles\/climbing-in-rio\/rock-climbing-sugarloaf-rio\/","og_site_name":"Companhia da Escalada - Mountain Climbing School","article_modified_time":"2024-02-18T13:52:30+00:00","og_image":[{"url":"https:\/\/companhiadaescalada.com.br\/ingles\/wp-content\/uploads\/2023\/01\/climbing-the-italian-route-on-sugarloaf.jpg","type":"","width":"","height":""}],"twitter_card":"summary_large_image","twitter_misc":{"Est. tempo de leitura":"4 minutos"},"schema":{"@context":"https:\/\/schema.org","@graph":[{"@type":"WebPage","@id":"https:\/\/companhiadaescalada.com.br\/ingles\/climbing-in-rio\/rock-climbing-sugarloaf-rio\/","url":"https:\/\/companhiadaescalada.com.br\/ingles\/climbing-in-rio\/rock-climbing-sugarloaf-rio\/","name":"Rock Climbing on Sugarloaf in Rio - Companhia da Escalada - Mountain Climbing School","isPartOf":{"@id":"https:\/\/companhiadaescalada.com.br\/ingles\/#website"},"primaryImageOfPage":{"@id":"https:\/\/companhiadaescalada.com.br\/ingles\/climbing-in-rio\/rock-climbing-sugarloaf-rio\/#primaryimage"},"image":{"@id":"https:\/\/companhiadaescalada.com.br\/ingles\/climbing-in-rio\/rock-climbing-sugarloaf-rio\/#primaryimage"},"thumbnailUrl":"https:\/\/companhiadaescalada.com.br\/ingles\/wp-content\/uploads\/2023\/01\/climbing-the-italian-route-on-sugarloaf.jpg","datePublished":"2023-01-11T00:03:24+00:00","dateModified":"2024-02-18T13:52:30+00:00","description":"Rock climbing on Sugarloaf Mountain in Rio with Companhia da Escalada. We have a team of certified rock climbing guides for you.","breadcrumb":{"@id":"https:\/\/companhiadaescalada.com.br\/ingles\/climbing-in-rio\/rock-climbing-sugarloaf-rio\/#breadcrumb"},"inLanguage":"pt-BR","potentialAction":[{"@type":"ReadAction","target":["https:\/\/companhiadaescalada.com.br\/ingles\/climbing-in-rio\/rock-climbing-sugarloaf-rio\/"]}]},{"@type":"ImageObject","inLanguage":"pt-BR","@id":"https:\/\/companhiadaescalada.com.br\/ingles\/climbing-in-rio\/rock-climbing-sugarloaf-rio\/#primaryimage","url":"https:\/\/companhiadaescalada.com.br\/ingles\/wp-content\/uploads\/2023\/01\/climbing-the-italian-route-on-sugarloaf.jpg","contentUrl":"https:\/\/companhiadaescalada.com.br\/ingles\/wp-content\/uploads\/2023\/01\/climbing-the-italian-route-on-sugarloaf.jpg","width":622,"height":350,"caption":"Climbing the Italian Route on Sugarloaf"},{"@type":"BreadcrumbList","@id":"https:\/\/companhiadaescalada.com.br\/ingles\/climbing-in-rio\/rock-climbing-sugarloaf-rio\/#breadcrumb","itemListElement":[{"@type":"ListItem","position":1,"name":"In\u00edcio","item":"https:\/\/companhiadaescalada.com.br\/ingles\/"},{"@type":"ListItem","position":2,"name":"Rock climbing in Rio de Janeiro","item":"https:\/\/companhiadaescalada.com.br\/ingles\/climbing-in-rio\/"},{"@type":"ListItem","position":3,"name":"Rock Climbing on Sugarloaf"}]},{"@type":"WebSite","@id":"https:\/\/companhiadaescalada.com.br\/ingles\/#website","url":"https:\/\/companhiadaescalada.com.br\/ingles\/","name":"Companhia da Escalada - Mountain Climbing School","description":"","publisher":{"@id":"https:\/\/companhiadaescalada.com.br\/ingles\/#organization"},"potentialAction":[{"@type":"SearchAction","target":{"@type":"EntryPoint","urlTemplate":"https:\/\/companhiadaescalada.com.br\/ingles\/?s={search_term_string}"},"query-input":{"@type":"PropertyValueSpecification","valueRequired":true,"valueName":"search_term_string"}}],"inLanguage":"pt-BR"},{"@type":"Organization","@id":"https:\/\/companhiadaescalada.com.br\/ingles\/#organization","name":"Companhia da Escalada - Mountain Climbing School","url":"https:\/\/companhiadaescalada.com.br\/ingles\/","logo":{"@type":"ImageObject","inLanguage":"pt-BR","@id":"https:\/\/companhiadaescalada.com.br\/ingles\/#\/schema\/logo\/image\/","url":"https:\/\/companhiadaescalada.com.br\/ingles\/wp-content\/uploads\/2021\/03\/companhia-escalada-logo-1.png","contentUrl":"https:\/\/companhiadaescalada.com.br\/ingles\/wp-content\/uploads\/2021\/03\/companhia-escalada-logo-1.png","width":350,"height":91,"caption":"Companhia da Escalada - Mountain Climbing School"},"image":{"@id":"https:\/\/companhiadaescalada.com.br\/ingles\/#\/schema\/logo\/image\/"}}]}},"_links":{"self":[{"href":"https:\/\/companhiadaescalada.com.br\/ingles\/wp-json\/wp\/v2\/pages\/36462","targetHints":{"allow":["GET"]}}],"collection":[{"href":"https:\/\/companhiadaescalada.com.br\/ingles\/wp-json\/wp\/v2\/pages"}],"about":[{"href":"https:\/\/companhiadaescalada.com.br\/ingles\/wp-json\/wp\/v2\/types\/page"}],"author":[{"embeddable":true,"href":"https:\/\/companhiadaescalada.com.br\/ingles\/wp-json\/wp\/v2\/users\/1"}],"replies":[{"embeddable":true,"href":"https:\/\/companhiadaescalada.com.br\/ingles\/wp-json\/wp\/v2\/comments?post=36462"}],"version-history":[{"count":132,"href":"https:\/\/companhiadaescalada.com.br\/ingles\/wp-json\/wp\/v2\/pages\/36462\/revisions"}],"predecessor-version":[{"id":37020,"href":"https:\/\/companhiadaescalada.com.br\/ingles\/wp-json\/wp\/v2\/pages\/36462\/revisions\/37020"}],"up":[{"embeddable":true,"href":"https:\/\/companhiadaescalada.com.br\/ingles\/wp-json\/wp\/v2\/pages\/289"}],"wp:attachment":[{"href":"https:\/\/companhiadaescalada.com.br\/ingles\/wp-json\/wp\/v2\/media?parent=36462"}],"curies":[{"name":"wp","href":"https:\/\/api.w.org\/{rel}","templated":true}]}}